8592?
True
Does 681 divide 1101061230?
True
Is 1945729465 a multiple of 63?
False
Does 4 divide 199948256?
True
Is 199709280 a multiple of 216?
True
Is 18 a factor of 26620700?
False
Does 54 divide 21812628?
False
Is 159497 a multiple of 10?
False
Does 12 divide 28698073?
False
Does 44 divide 221323476?
True
Does 15 divide 557940180?
True
Is 2418 a factor of 560139970?
False
Is 15 a factor of 30839458?
False
Does 122 divide 56521868?
True
Is 866374516 a multiple of 36?
False
Is 2017522 a multiple of 1222?
True
Is 41128034 a multiple of 155?
False
Is 11 a factor of 5116865?
False
Does 38 divide 5887386?
False
Is 313564894 a multiple of 23?
False
Does 880 divide 233195553?
False
Does 18 divide 33020658?
True
Is 2924935527 a multiple of 6607?
False
Is 91 a factor of 161674910?
False
Is 35 a factor of 45615101?
False
Is 35 a factor of 59161633?
False
Is 8273 a factor of 693434587?
True
Is 1685872 a multiple of 136?
False
Is 1007125056 a multiple of 4792?
True
Is 10 a factor of 591985530?
True
Is 66085618 a multiple of 149?
False
Is 38982104 a multiple of 11?
False
Is 112 a factor of 8659056?
True
Is 1185735642 a multiple of 949?
True
Does 911 divide 4981795301?
True
Is 64814000 a multiple of 2540?
False
Is 770687785 a multiple of 95?
True
Is 450 a factor of 1008000?
True
Does 3 divide 423978?
True
Does 50 divide 101293100?
True
Is 65098040 a multiple of 8?
True
Is 184 a factor of 676171664?
True
Does 2950 divide 653968777?
False
Is 417 a factor of 181050746?
False
Does 14 divide 886920?
False
Is 7626624 even?
True
Is 4324505362 a multiple of 68?
False
Is 8 a factor of 129095316?
False
Is 1109409866 a multiple of 332?
False
Is 58 a factor of 17095268?
True
Does 13 divide 153999144?
True
Is 502642566 a multiple of 9?
True
Is 390 a factor of 300856706?
False
Does 1467 divide 51979521?
False
Is 258 a factor of 51470226?
True
Is 79 a factor of 16156001?
False
Is 19 a factor of 140284330?
False
Is 2104760242 a multiple of 6539?
True
Is 141718969 a multiple of 3?
False
Does 197 divide 31932510?
False
Is 56 a factor of 25199720?
True
Is 1287 a factor of 15755454?
True
Does 7 divide 25402251?
True
Does 4242 divide 469076118?
True
Does 9 divide 2603441?
False
Does 367 divide 1267067921?
False
Is 145941370 a multiple of 572?
False
Is 75579803 a multiple of 1937?
True
Is 322999902 a multiple of 414?
True
Is 17 a factor of 209890663?
False
Is 285 a factor of 1258792267?
False
Does 530 divide 21300700?
True
Does 256 divide 1011063729?
False
Is 13 a factor of 13856390?
False
Is 1250 a factor of 860818750?
True
Is 51 a factor of 69717?
True
Does 4471 divide 191533169?
True
Is 1968 a factor of 225790608?
True
Is 717797945 a multiple of 4003?
True
Is 17 a factor of 76409690?
False
Is 11553705 a multiple of 183?
True
Is 1915 a factor of 204083465?
True
Does 5 divide 35465775?
True
Is 31398832 a multiple of 12?
False
Is 68683498 a multiple of 53?
False
Is 511541420 a multiple of 94?
True
Is 280244684 even?
True
Does 1940 divide 24690380?
True
Is 98 a factor of 78906464?
True
Does 176 divide 646056576?
True
Is 17 a factor of 5800902?
False
Is 53778447 a multiple of 3517?
True
Does 491 divide 781419431?
False
Does 486 divide 16242360?
False
Does 144 divide 8503182?
False
Is 117 a factor of 351304434?
True
Does 1844 divide 573785575?
False
Is 159909003 a multiple of 13?
False
Is 1647990890 a multiple of 65?
True
Is 837 a factor of 676097671?
False
Is 4076 a factor of 67853172?
True
Is 92805730 a multiple of 2?
True
Is 452 a factor of 76574303?
False
Does 35 divide 90038872?
False
Is 242470801 a multiple of 1621?
True
Is 26 a factor of 1919007?
False
Does 332 divide 70157908?
True
Is 1109112 a multiple of 37?
True
Is 1361796851 a multiple of 1285?
False
Does 2135 divide 484843555?
True
Does 1322 divide 454335706?
True
Is 2778216 a multiple of 138?
True
Is 65839146 a multiple of 3143?
False
Is 42779385 a multiple of 99?
True
Does 129 divide 5189136?
False
Is 45 a factor of 38803860?
True
Is 257145 a multiple of 4?
False
Is 7953 a factor of 211064667?
True
Does 12 divide 11142924?
True
Is 427154831 a multiple of 668?
False
Is 15697101 a multiple of 2?
False
Is 31795865 a multiple of 110?
False
Does 1484 divide 1103941238?
False
Is 34 a factor of 117591971?
False
Is 942015 a multiple of 21?
False
Is 8 a factor of 1026121985?
False
Is 25 a factor of 418798410?
False
Is 70566851 a multiple of 2244?
False
Is 150105848 a multiple of 763?
False
Is 21 a factor of 23106733?
False
Is 27 a factor of 542203767?
True
Is 727671738 a multiple of 2442?
False
Is 88083604 a multiple of 3?
False
Is 12240968 a multiple of 1633?
True
Is 23 a factor of 401136?
False
Does 5 divide 49117621?
False
Is 168483 a multiple of 2?
False
Does 531 divide 52715025?
True
Is 1361722 a multiple of 10?
False
Is 36 a factor of 423649656?
True
Does 91 divide 2101886089?
False
Is 1704 a factor of 69928181?
False
Is 116378640 a multiple of 1080?
True
Is 9 a factor of 46619145?
True
Is 506368683 a multiple of 8?
False
Does 334 divide 111402777?
False
Is 236901 a multiple of 369?
False
Is 1016681620 a multiple of 10?
True
Is 24 a factor of 157360782?
False
Is 327439178 a multiple of 18?
False
Is 37 a factor of 20778677?
False
Is 14 a factor of 195107613?
False
Is 137639180 a multiple of 1420?
True
Does 118 divide 18099783?
False
Does 19 divide 1452835?
True
Is 29 a factor of 294067842?
False
Is 177977212 a multiple of 292?
True
Is 57 a factor of 1264819779?
False
Is 6309999 a multiple of 2319?
True
Is 13294045 a multiple of 13?
False
Is 21663989 a multiple of 2?
False
Is 3202 a factor of 1629898050?
True
Does 43 divide 93369132?
False
Is 160480642 a multiple of 287?
True
Is 185992191 a multiple of 99?
True
Is 45502100 a multiple of 14?
True
Is 337255463 a multiple of 8?
False
Does 19 divide 12989324?
False
Is 153 a factor of 23485806?
True
Does 25 divide 22845775?
True
Is 309603006 a multiple of 1194?
True
Does 15 divide 1272266985?
True
Is 1221630240 a multiple of 103?
False
Does 370 divide 4182713?
False
Is 12 a factor of 26011341?
False
Is 4694 a factor of 1488120044?
True
Is 30132654 a multiple of 26?
False
Is 3849 a factor of 1127884?
False
Is 100005398 a multiple of 1102?
True
Does 14 divide 3100454?
True
Is 148916703 a multiple of 469?
False
Is 4 a factor of 266160816?
True
Is 12803974 a multiple of 134?
False
Does 107 divide 21018224?
True
Does 967 divide 105542248?
True
Is 21 a factor of 1408121043?
True
Does 143 divide 6627311?
False
Is 3741 a factor of 2085222177?
True
Does 41 divide 23189764?
True
Does 125 divide 130335084?
False
Does 548 divide 1005607400?
True
Does 3 divide 30975670?
False
Is 493193610 a multiple of 1702?
False
Is 1243691372 a multiple of 11?
True
Is 2430376333 a multiple of 49?
True
Is 314127480 a multiple of 40?
True
Is 1528 a factor of 848223360?
True
Does 36 divide 2538503208?
True
Is 1283 a factor of 265661066?
False
Does 921 divide 381213873?
True
Is 984 a factor of 312512775?
False
Is 105 a factor of 18748170?
True
Is 55 a factor of 42065760?
True
Is 20 a factor of 1051505160?
True
Is 17 a factor of 8098188?
True
Does 2 divide 70210162?
True
Is 766883936 a multiple of 778?
True
Is 25 a factor of 64725541?
False
Does 30 divide 809836157?
False
Does 15 divide 296198067?
False
Is 291092385 a multiple of 141?
True
Is 163 a factor of 118761963?
True
Does 2 divide 182283561?
False
Is 15998187 a multiple of 677?
True
Is 27601079 a multiple of 1807?
False
Is 5060187 a multiple of 15?
False
Is 54804566 a multiple of 6?
False
Is 2937158 a multiple of 119?
True
Is 315 a factor of 13794237?
False
Is 37 a factor of 8513268490?
False
Is 192679040 a multiple of 1797?
False
Is 220427842 a multiple of 88?
False
Is 305 a factor of 68470365?
True
Does 2876 divide 65618816?
True
Does 41 divide 131776199?
False
Is 80695316 a multiple of 598?
True
Does 46 divide 29174948?
True
Is 796150460 a multiple of 170?
True
Is 102 a factor of 14488547?
False
Is 312643224 a multiple of 50?
False
Does 13 divide 20157956?
True
Does 5 divide 3489846?
False
Is 2 a factor of 68410506?
True
Is 55352980 a multiple of 31?
True
Is 1220143991 a multiple of 22?
False
Is 960 a factor of 25398589?
False
Is 121 a factor of 1232243914?
True
Does 514 divide 2413988436?
False
Does 4907 divide 279404580?
True
Does 67 divide